s the remainder when 63 is divided by w?
8
Let l(b) = -b**3 - 7*b**2 - 14*b + 4. Let t be l(-6). Let m = t + -22. What is the remainder when m is divided by 8?
6
Let u(k) = -k + 14. Let s be u(13). Let h = 26 - s. What is the remainder when (1 - -2)*94/6 is divided by h?
22
Suppose 0 = 5*l + 25, c - 4*l = -l + 41. What is the remainder when 59 is divided by c?
7
Suppose -93*n + 726 - 2 = -1415. Let j be (11/(-4))/(2/8). Let t = j + 23. Calculate the remainder when n is divided by t.
11
Suppose f - 16*f + 360 = 0. Calculate the remainder when 191 is divided by f.
23
Let z(d) = -4*d**3 + 2*d**2 - 1. Suppose 2*o + 3*k - 14 = 0, -2*o + 2 = k - 4. What is the remainder when o - 15/(-5) - -4 is divided by z(-1)?
3
Let n = 581 + -492. What is the remainder when n is divided by 24?
17
Suppose 5*w + 2*a = -2*a + 211, 2*w = -4*a + 94. Let h = -701 - -711. What is the remainder when w is divided by h?
9
Let r = 9 - -11. Let u = -1833 + 1892. Calculate the remainder when u is divided by r.
19
Let j = -170 - -238. Calculate the remainder when j is divided by 23.
22
Suppose 7*f = 4*f + 39. Let b(u) = -146*u - 259. Calculate the remainder when b(-2) is divided by f.
7
Suppose 7*g - 6*g - 68 = -4*c, 2*c - 2*g - 24 = 0. Calculate the remainder when 76 is divided by c.
12
Let r = -1134 + 1144. Calculate the remainder when 139 is divided by r.
9
Let m(j) be the second derivative of j**5/20 + j**4/2 + j**3/3 - 5*j**2/2 + 3*j. Suppose 3*f - f = -6. What is the remainder when m(f) is divided by 10?
6
Let y(s) = 4*s**2 - 12*s + 2. Calculate the remainder when 0 - 1 - 0 - -378 is divided by y(5).
41
Let j = -57 - -60. Calculate the remainder when 25 is divided by 15 + j/3 - 1.
10
Suppose 0 = -5*i - 80*u + 76*u + 1187, -i = 4*u - 247. Calculate the remainder when i is divided by 60.
55
Suppose 13*r = 8*r + 85. What is the remainder when 148 is divided by r?
12
Let v(z) = -z**3 - 7*z**2 - 6*z - 15. Let x be v(-7). Suppose -31*j + 228 = -x*j. Calculate the remainder when j is divided by 10.
7
Suppose -6*n + 2*k = -3*n - 21, -14 = -2*n - 5*k. Let f(i) = 3*i**2 - 9*i + 2. What is the remainder when f(n) is divided by 29?
28
Let z(t) = -t**3 + 7*t**2 + 48*t - 240. Calculate the remainder when 233 is divided by z(8).
73
Suppose 3*q = -4*u + 79, -2*q + 49 = -u + 11. Calculate the remainder when q is divided by 5.
1
Suppose 2 + 28 = p. Let m be (-2)/(-12) - (-25)/p. Let r(z) = 47*z**3 - z**2 + z - 1. Calculate the remainder when r(m) is divided by 12.
10
Suppose 8*c = 3*c + 5, 3*f - 3*c + 6 = 0. Let w = f + 6. What is the remainder when (-316)/(-44) + 2/(-11) is divided by w?
2
Let y = 41 - 41. Suppose l = -3*v + 275 + 119, -v + l + 134 = y. Calculate the remainder when v is divided by 19.
18
Suppose 63*h - 50*h = 24466. Calculate the remainder when h is divided by 23.
19
Let i = -191 + 287. Calculate the remainder when 155 is divided by i.
59
Suppose -151 - 215 = -6*h. Suppose 0 = -3*t + 29 - 5. What is the remainder when h is divided by t?
5
Suppose -5*y = -1925 + 140. Calculate the remainder when y is divided by 92.
81
Let i(v) be the first derivative of v**3/3 + v**2/2 + 2. Let q(n) = 2*n**2 + 18*n + 53. What is the remainder when q(-8) is divided by i(-5)?
17
Let h = 561 - 432. Calculate the remainder when h is divided by 65.
64
Let r(m) = m - 4. Let f be r(6). Let d be f*((0 - 265) + -3). Calculate the remainder when d/(-14) + 6/(-21) is divided by 20.
18
Let x be (-70)/7*6/(-10). Suppose 2*b = s + x*b - 48, -5*b - 70 = -2*s. What is the remainder when s is divided by (-24)/9*(-42)/8?
12
Let t = -704 - -817. Calculate the remainder when t is divided by 26.
9
Let s = 129 - 95. Suppose 167 = 6*r - 5*r. Calculate the remainder when r is divided by s.
31
Suppose -10*p = -13*p + 102. Let o = -1 + 1. Suppose o*d = -2*d + 18. Calculate the remainder when p is divided by d.
7
Calculate the remainder when (-26 + 25)/((6/152)/(-3)) is divided by 41.
35
Suppose w + 4*v - 204 = -2*w, 3*w - 183 = 3*v. Suppose -s + 2*h = -w, 2*s - 152 = -4*h - 0. Calculate the remainder when s is divided by 24.
22
Suppose -8*x + 3*x - 60 = 0. Let q be (-2)/(-4) - 450/x. Let b = 56 - q. What is the remainder when 71 is divided by b?
17
Suppose 0 = -10*o + 15*o - 60. Calculate the remainder when ((-98)/6 - -1)/((-72)/324) is divided by o.
9
Let w(h) = h**2 + 6*h - 2. Calculate the remainder when w(17) is divided by 11.
4
Let o = -1011 + 1094. What is the remainder when 178 is divided by o?
12
Suppose -2*w = -3*l + 3, 5*w + 15 = -0*l + 5*l. Let a be -80 + 4*(-3)/w. What is the remainder when (-1)/(158/a + 2) is divided by 14?
11
Let p = -115 + 73. Let j = p + 117. Suppose 2*c + 4*u - 183 = -3*c, j = 2*c + u. Calculate the remainder when c is divided by 21.
18
Suppose -3*y + 30 = 3*h, 2*h - 40 = -2*h + 4*y. What is the remainder when 67 is divided by h?
7
Let r = -263 - -288. What is the remainder when 77 is divided by r?
2
Let n be 1/2*(9 + 3). Suppose n*h - 7*h = -6. Suppose 3*y - 153 + h = 0. Calculate the remainder when y is divided by 25.
24
Let o(t) = t**3 + 56*t**2 + 102*t - 175. Calculate the remainder when o(-54) is divided by 14.
9
Suppose -45 = -0*f + 3*f. Let r = f + 57. Calculate the remainder when r is divided by 11.
9
Let p(k) = k**3 - 4*k + 1. Let y = -26 - -29. Let q be p(y). Suppose -8*m + 6*m + q = 0. What is the remainder when m is divided by 5?
3
Let y = 17 + 9. Let w(f) = 16*f - 19. Let o be w(-6). Let j = o + 192. What is the remainder when j is divided by y?
25
Suppose -14 + 38 = 3*u. Suppose -s - 3*y = -21, -102*s + 105*s - 4*y - 63 = 0. Calculate the remainder when s is divided by u.
5
Let d = 13 - 19. Let f = 11 - d. Calculate the remainder when 31 is divided by f.
14
Let o = 3 + -15. What is the remainder when ((-30)/4)/(o/80) is divided by 13?
11
Let y(b) = -b - 7. Let h(z) = z**2 + 3*z + 1. Let g be h(-5). Let w be y(g). What is the remainder when 59 is divided by (-4 - 0)/(6/w)?
11
Let h = 2 - -10. Suppose 72 - h = 4*q. Calculate the remainder when 43 is divided by q.
13
Suppose -11*k + 279 - 103 = 0. What is the remainder when 478 is divided by k?
14
Let z = -1862 + 1894. Calculate the remainder when 182 is divided by z.
22
Let t = 1129 + -1066. Calculate the remainder when 117 is divided by t.
54
Let n = 55 - 52. What is the remainder when 6/9*(-9)/(-1) is divided by n?
0
Suppose 3*o = o. Let a(t) = -9*t**2 - 3*t - 33. Let x(c) = 7*c**2 + 2*c + 33. Let l(n) = 3*a(n) + 4*x(n). Calculate the remainder when l(o) is divided by 9.
6
Suppose 0 = 88*o - 94*o + 372. Calculate the remainder when 370 is divided by o.
60
Let q(r) = -r**2 - 5*r - 3. Let p = 41 + -34. What is the remainder when (1*p)/((-3)/(-3)) is divided by q(-2)?
1
Let t be (-12)/8*-2 + 0/1. Let l = 44 - t. What is the remainder when l is divided by 21?
20
Suppose 0 = -3*t + 2*q + 12, t + 2*q - 12 = -0*q. Let g = 6 - t. Suppose g = 3*y - 4*y + 12. Calculate the remainder when 35 is divided by y.
11
Let c = 0 - -36. Suppose -4*o - 8*d + 4*d + c = 0, -6 = -2*o + 4*d. Let w = -7 - -19. What is the remainder when w is divided by o?
5
Let a(z) = -z**3 - 7*z**2 + 6*z - 9. Let k be 1/(2/(-8)*1). Calculate the remainder when a(-8) is divided by (-27)/(-6) + (-2)/k.
2
Let c = -1 - -4. Suppose c*r = -4*y + 121, y + 109 = 3*r + 2*y. Suppose -w = 4*w - r. Calculate the remainder when 12 is divided by w.
5
Suppose 3*k + 21 = 10*k. Suppose 4*l - 43 = -k*s, -5*s + 0*l + 87 = -l. What is the remainder when s is divided by 10?
7
Suppose -5*d - 20 = -5, -3*d - 20 = -i. Suppose -3*r = -i*r + 1080. What is the remainder when r is divided by 34?
33
Let o be -4 + 4/(12/111). Suppose -3*c + 30 + o = 0. What is the remainder when 37 is divided by c?
16
Let o be (22/3)/((-26)/(-39)). Let x be o - 0 - 0/(-4). Suppose -63 = -p + x. What is the remainder when p is divided by 19?
17
Suppose 0 = -2*b - 2*l, 0*b + l - 9 = 2*b. Let f = -14 - 15. What is the remainder when b + (0 - 1)*f is divided by 10?
6
Let i(p) = 4*p**2 - 2*p - 15. Let j be i(4). Let x = -29 + j. Suppose -t + 27 = -18. Calculate the remainder when t is divided by x.
9
Suppose 5*r - y + 4*y - 39 = 0, -20 = -2*r + y. Suppose 4*d + 110 = r*d. Let t = 48 - -15. Calculate the remainder when t is divided by d.
19
Let s = -74 + 33. Let h = s + 92. Suppose 0 = 4*k + 2*g - 48, 0 =